{"id":727,"date":"2016-05-11T05:43:35","date_gmt":"2016-05-11T05:43:35","guid":{"rendered":"http:\/\/splash.stylemixthemes.com\/?page_id=727"},"modified":"2026-01-21T14:08:26","modified_gmt":"2026-01-21T13:08:26","slug":"trophy-room","status":"publish","type":"page","link":"https:\/\/kosarlabda.satoraljaujhely.hu\/index.php\/trophy-room\/","title":{"rendered":"IMPRESSZUM"},"content":{"rendered":"<div class=\"wpb-content-wrapper\"><p>[vc_row][vc_column width=&#8221;2\/3&#8243; offset=&#8221;vc_col-lg-8&#8243;][vc_column_text css=&#8221;&#8221;]<strong>Impresszum<\/strong><\/p>\n<p><strong>A weboldalt \u00fczemeltet\u0151 szervezet adatai<\/strong><\/p>\n<p><strong>Szervezet neve:<\/strong><br \/>\nSportos \u00e9s Eg\u00e9szs\u00e9ges Zempl\u00e9n\u00e9rt Egyes\u00fclet<\/p>\n<p><strong>Szervezet t\u00edpusa:<\/strong><br \/>\nEgyes\u00fclet<\/p>\n<p><strong>Nyilv\u00e1ntart\u00e1si sz\u00e1m:<\/strong><br \/>\n05-02-0065374<br \/>\n(r\u00e9gi nyilv\u00e1ntart\u00e1si sz\u00e1m: 65374\/2015)<\/p>\n<p><strong>Orsz\u00e1gos azonos\u00edt\u00f3:<\/strong><br \/>\n0500\/60069\/2015\/2300015747573<\/p>\n<p><strong>Sz\u00e9khely:<\/strong><br \/>\n3950 S\u00e1rospatak, Tompa utca 10.<\/p>\n<p><strong>Elj\u00e1r\u00f3 b\u00edr\u00f3s\u00e1g:<\/strong><br \/>\nMiskolci T\u00f6rv\u00e9nysz\u00e9k<\/p>\n<p><strong>Bejegyz\u00e9s d\u00e1tuma:<\/strong><br \/>\n2025.01.10.<br \/>\n(Joger\u0151re emelked\u00e9s d\u00e1tuma: 2025.01.01.)<\/p>\n<p><strong>A szervezet k\u00e9pviselete<\/strong><\/p>\n<p><strong>K\u00e9pvisel\u0151:<\/strong><br \/>\nDr. Terdik S\u00e1ndor, eln\u00f6k<\/p>\n<p><strong>K\u00e9pviseleti jog terjedelme:<\/strong><br \/>\n\u00e1ltal\u00e1nos, \u00f6n\u00e1ll\u00f3<\/p>\n<p><strong>Ad\u00f3z\u00e1si adatok<\/strong><\/p>\n<p><strong>Ad\u00f3sz\u00e1m:<\/strong><br \/>\n18656802-1-05<\/p>\n<p><strong>Statisztikai sz\u00e1mjel:<\/strong><br \/>\n18656802-9312-521-05<\/p>\n<p><strong>El\u00e9rhet\u0151s\u00e9gek<\/strong><\/p>\n<p><strong>Telefonsz\u00e1m:<\/strong><br \/>\n+36 30 625 8823<\/p>\n<p><strong>E-mail c\u00edm:<\/strong><br \/>\nkosarlabda@satoraljaujhely.hu[\/vc_column_text][\/vc_column][vc_column width=&#8221;1\/3&#8243;][\/vc_column][\/vc_row]<\/p>\n<\/div>","protected":false},"excerpt":{"rendered":"<p>[vc_row][vc_column width=&#8221;2\/3&#8243; offset=&#8221;vc_col-lg-8&#8243;][vc_column_text css=&#8221;&#8221;]Impresszum A weboldalt \u00fczemeltet\u0151 szervezet adatai Szervezet neve: Sportos \u00e9s Eg\u00e9szs\u00e9ges Zempl\u00e9n\u00e9rt Egyes\u00fclet Szervezet t\u00edpusa: Egyes\u00fclet Nyilv\u00e1ntart\u00e1si sz\u00e1m: 05-02-0065374 (r\u00e9gi nyilv\u00e1ntart\u00e1si sz\u00e1m: 65374\/2015) Orsz\u00e1gos azonos\u00edt\u00f3: 0500\/60069\/2015\/2300015747573 Sz\u00e9khely: 3950 S\u00e1rospatak, Tompa utca 10. Elj\u00e1r\u00f3 b\u00edr\u00f3s\u00e1g: Miskolci T\u00f6rv\u00e9nysz\u00e9k Bejegyz\u00e9s d\u00e1tuma: 2025.01.10. (Joger\u0151re emelked\u00e9s d\u00e1tuma: 2025.01.01.) A szervezet k\u00e9pviselete K\u00e9pvisel\u0151: Dr. Terdik S\u00e1ndor, eln\u00f6k K\u00e9pviseleti&#8230;<\/p>\n","protected":false},"author":1,"featured_media":0,"parent":0,"menu_order":0,"comment_status":"closed","ping_status":"closed","template":"","meta":{"footnotes":""},"class_list":["post-727","page","type-page","status-publish","hentry"],"_links":{"self":[{"href":"https:\/\/kosarlabda.satoraljaujhely.hu\/index.php\/wp-json\/wp\/v2\/pages\/727","targetHints":{"allow":["GET"]}}],"collection":[{"href":"https:\/\/kosarlabda.satoraljaujhely.hu\/index.php\/wp-json\/wp\/v2\/pages"}],"about":[{"href":"https:\/\/kosarlabda.satoraljaujhely.hu\/index.php\/wp-json\/wp\/v2\/types\/page"}],"author":[{"embeddable":true,"href":"https:\/\/kosarlabda.satoraljaujhely.hu\/index.php\/wp-json\/wp\/v2\/users\/1"}],"replies":[{"embeddable":true,"href":"https:\/\/kosarlabda.satoraljaujhely.hu\/index.php\/wp-json\/wp\/v2\/comments?post=727"}],"version-history":[{"count":10,"href":"https:\/\/kosarlabda.satoraljaujhely.hu\/index.php\/wp-json\/wp\/v2\/pages\/727\/revisions"}],"predecessor-version":[{"id":1414,"href":"https:\/\/kosarlabda.satoraljaujhely.hu\/index.php\/wp-json\/wp\/v2\/pages\/727\/revisions\/1414"}],"wp:attachment":[{"href":"https:\/\/kosarlabda.satoraljaujhely.hu\/index.php\/wp-json\/wp\/v2\/media?parent=727"}],"curies":[{"name":"wp","href":"https:\/\/api.w.org\/{rel}","templated":true}]}}